+ 2)/(2 - 1). Let t(w) = 0 - 5649*w + 5646*w + 2 + 4. Let b(v) = -v. Let l(o) = q*t(o) - 4*b(o). Determine l(5).
11
Let d(i) = 10*i**2 + 3*i + 2. Let g be d(2). Let p = -38 + g. Let x(j) = j**3 - 11*j**2 + 10*j + 12. Give x(p).
12
Let u(q) = 0*q - 12 - 5*q - 5 + 18. Let k(o) be the first derivative of 19*o**2/2 - 4*o + 11. Let s(t) = -2*k(t) - 9*u(t). Give s(1).
6
Let k be (0 + -1)/((-2)/4). Let s(y) = -4*y + 26. Let z(b) = 3*b - 15. Let t(i) = 4*s(i) + 7*z(i). Give t(k).
9
Suppose 0 = -78*s - 22*s + 300. Let z(j) = 2*j + 8. What is z(s)?
14
Suppose 69*t = 58*t + 66. Let w(l) = l - 17. What is w(t)?
-11
Suppose -3*g + 11 + 4 = 0. Let f(b) = b - 5 + 0*b + 6 - g. Suppose 0 = -2*z + 5*z + 12. Calculate f(z).
-8
Suppose 5*a = -y - 1, 5*a + 8 + 9 = 3*y. Let o(j) = -18 + 6*j**2 - 3*j**2 + y - 4*j**2. Determine o(0).
-14
Let x(q) = -q**3 + 5*q**2 + 9*q - 6. Let p be x(6). Let b(o) = 6*o - p*o + 7*o + 0*o. Calculate b(-6).
-6
Let g(m) = -6*m - 1. Let r(l) = 18*l - 38. Let b(c) = g(c) + r(c). What is b(3)?
-3
Let s(h) = -8*h**2 + 2*h**3 - 4*h**3 + h**3 + 9 + 14*h**2 - 10*h + 2*h**2. Give s(7).
-12
Let t(i) = 5 + 4 - 7 - i + 3. What is t(5)?
0
Let r(s) = -s + 10. Let o(b) = -5*b + 10. Let c be o(-9). Suppose -14*n + 19*n - c = 0. Determine r(n).
-1
Let l be (-7)/(63/(-36)) - -2. Let x(f) = -f**3 + 4*f**2 + 12*f + 5. Give x(l).
5
Let w(i) = -i**3 - 3*i**2 + 6*i + 3. Suppose 3*l - 3*v - 2 = -5, v - 16 = 4*l. What is w(l)?
23
Let o(r) = -r**2 - 9*r + 3. Let l(b) be the third derivative of -b**5/60 - b**4/3 + b**3/3 - 13*b**2. Let x(g) = -5*l(g) + 4*o(g). Give x(-3).
-1
Let s(a) = -14*a - 1. Let n(b) = 5*b + 1. Let o(m) = 11*n(m) + 4*s(m). Determine o(10).
-3
Let s(o) = 7*o**2 - o. Let m be s(1). Let i(a) = a**3 - 6*a**2 - 2*a. Give i(m).
-12
Let g(s) be the first derivative of s**2/2 - 11*s - 108. Determine g(9).
-2
Let d(t) = -t**3 - t**2 + 2*t**3 - 3*t + 4*t + 7*t**2 - 4. Suppose -2*m + 4*w - 2*w + 6 = 0, -w - 5 = -3*m. Let h = -7 + m. Determine d(h).
-10
Let n(g) = -g**2 + 14*g + 32. Let c be n(16). Let l = 2 - 2. Let z(u) = -2*u + c*u + l*u**2 + 2*u**3 - 4*u**2 - 3*u**3 + 4. What is z(-3)?
1
Let h(x) = -3*x + 7. Suppose 2*l = 3*f + 10, 0 = 4*l + 2*f - 19 - 17. Calculate h(l).
-17
Let v(r) = 5*r - 3*r - 3*r + 0*r - 6. Suppose 4*n + 248 = 228. Determine v(n).
-1
Let b(x) be the second derivative of x**5/10 + x**4/6 - x**3/3 - x**2 + x. Let y(w) = -w**2 - 4*w - 2. Let a be y(0). Determine b(a).
-6
Let k(l) = -11 + 2*l + 6 + 3. Suppose 3*m + 25 = 8*m. Determine k(m).
8
Suppose 185 - 169 = 2*c. Let i(w) = w + 3. What is i(c)?
11
Suppose 30 = f - 5*v, -14 + 4 = -f + v. Let j(m) = -m**2 + 5*m - 5. Let i be j(f). Let s = -1 - i. Let y(g) = g**2 - 6*g + 2. What is y(s)?
-6
Let y(c) = c**3 + c**2 + c + 1. Let q(v) = 2*v**3 - v**2 + 8*v + 1. Let l(t) = -q(t) + 3*y(t). Let g = 53 + -39. Let n = -19 + g. What is l(n)?
2
Let x(v) = -v + 1. Suppose 5*d + 3 = 5*i - 17, -19 = -4*i + d. Let u(s) = s**2 + 8 - 3*s + s - i. Let p be u(2). Determine x(p).
-2
Suppose 3 = h + 2. Let j(q) = -6*q**3. Let s be j(-1). Suppose -y - s = -h. Let o(f) = 2*f + 6. Give o(y).
-4
Suppose 0 = -3*w + 6 - 3. Let h(m) = -7*m**3 - 14*m**3 + 8*m**2 + w + 6*m + 22*m**3. Determine h(-7).
8
Let k(d) = 4*d**2 + 11*d - 35. Let c be k(-4). Let x(g) = g**2 + 14*g - 3. Determine x(c).
12
Suppose -5*q + 22 = -10*a + 11*a, 0 = -q + 3. Let l(y) be the third derivative of y**6/120 - 2*y**5/15 + 5*y**4/24 - y**3/6 - y**2. Calculate l(a).
-15
Let u(g) = 2*g**3 - 4*g + 1. Let c(b) = b**3 + 4*b**2 - 13*b - 42. Let n be c(-5). Determine u(n).
-7
Let i(r) = r + 3. Suppose -5*z + 16 = 2*p - 0*p, -3*z + p + 3 = 0. Let t(u) = 1. Let w(d) = z*i(d) - 6*t(d). Let k be (-2)/(-5) + 26/10. Calculate w(k).
6
Let t(p) = p**3 + 6*p**2 + 5*p + 6. Let n(x) = -18*x - 5. Let k be n(0). Determine t(k).
6
Let m(j) = -3*j - 2. Let a = -66 + 73. Suppose 2*s - a*s = 10. Determine m(s).
4
Let q(a) = -a. Let w = 11 - 0. Let o be (-40)/8 + 30/3. Suppose o*z - 5 = 4*x, 2*z + w = -0*z - x. Calculate q(z).
3
Let m(f) = f**2 - 5*f - 41. Suppose 28 = -5*i + q, -4*q - 18 + 45 = -3*i. Determine m(i).
9
Let v(d) be the third derivative of 0 + 10*d**2 + 3/2*d**3 + 0*d + 1/24*d**4. Suppose 0 = -c + 3*a + 4, -3*c = 3*a + a + 27. What is v(c)?
4
Let s(o) = 4*o - 2. Let n(i) = 1. Let k(x) = -x**2 - 3*x + 1. Let v be k(-3). Let g(w) = v*n(w) + s(w). Determine g(2).
7
Let i = -5 - -9. Let t = 126 - 122. Let c(y) = -2 + i*y**2 - 2*y - t*y**2 - y**2 + 5. Calculate c(2).
-5
Let q(k) = k**3 - 14*k**2 - 12*k - 26. Let m be q(15). Let i(n) = -n + 12. Determine i(m).
-7
Let i(v) be the second derivative of -v**3/2 - v**2/2 - 5*v. Suppose 0 = -4*d + 3*q + 13, -3*d + 5*q + 3 = -d. Let j = -2 + d. Determine i(j).
-7
Suppose -8*o + 4*o + 16 = 0. Suppose -o = -5*r - 29. Let c(q) = -q**2 - 10*q + 5. Let m(k) = k**2 + 9*k - 5. Let l(x) = r*c(x) - 6*m(x). Calculate l(-4).
5
Suppose 5*y - w = 1, 3*w - 4 - 11 = -3*y. Suppose 2*d - y = 3. Let j(s) = 0*s**d + 0*s**3 - 3*s - 3*s**2 + 6*s**3 - 8*s**3. What is j(-2)?
10
Let h(m) = -m - 5. Suppose -4*o = -5*c + 12, 4*c = -0*o - 2*o - 6. Give h(c).
-5
Let i(v) = v**2 + 7*v - 1. Let f(o) = o - 9. Let w be f(3). Give i(w).
-7
Let o(b) = 4*b**2 - 2*b. Let r be o(1). Let i(a) = a - a + 3*a**2 - 1 + a**3 - a + r*a. Calculate i(-3).
-4
Suppose 0*n = -5*a - n + 30, 2*a + n = 12. Let f(g) = -g**2 + 4*g + 7. What is f(a)?
-5
Let c = 287 - 289. Let y(p) = -p**3 - 4*p**2 - 4*p - 2. What is y(c)?
-2
Let u(d) be the third derivative of d**5/60 + 5*d**4/24 - 4*d**3/3 + d**2. Let f(z) be the first derivative of -z**3/3 - 6*z - 3. Let g be f(0). What is u(g)?
-2
Let v(p) = -p**2 - 13*p - 12. Let q(t) = 11*t - 99. Let l be q(8). Give v(l).
10
Let z(q) be the second derivative of -q**3/6 - q**2/2 + 65*q. Determine z(1).
-2
Suppose -1 = 2*x - 3. Let a(p) = -p**3 + 1. Let i(v) = -3*v**3 - 3*v**2 + 3*v + 4. Let k(n) = x*i(n) - 2*a(n). Suppose -q - 1 - 3 = 0. Give k(q).
6
Let c(w) = w**2 + 4*w + 3. Let k be (-3 - -5) + 4 + -1. Let x(y) = -y**2 - 4*y - 4. Let a(u) = k*x(u) + 6*c(u). What is a(-4)?
-2
Let u(i) be the first derivative of i**4/4 - 2*i**3/3 - i**2/2 - 5*i + 170. Calculate u(3).
1
Suppose k + 4 = -3. Let i(v) = -2*v - 7. Let h be i(k). Let x(z) = -h + 10*z - 9*z - z**3 + 2*z**3. Calculate x(0).
-7
Let m be 124 + (-2 - 15/(-5)). Suppose -m*y + 6 = -127*y. Let l(a) be the second derivative of -a**3/6 - a. Calculate l(y).
3
Let t(p) be the second derivative of -1/2*p**3 + 0 - 1/12*p**4 - 11*p - 3*p**2. Determine t(-5).
-16
Let w(m) = 3*m. Let x = -80 + 82. What is w(x)?
6
Let l(n) = 13*n**3 + n**2. Let h be (3/(-27)*3)/(2/(-18)). Let t be 1*(5/((-20)/(-8)) - h). What is l(t)?
-12
Let b(u) = u. Let p(l) = -l - 1. Let a(i) = 5*b(i) + 6*p(i). Suppose -2*v - 2 = 0, v = -2*j - 3*v - 4. What is a(j)?
-6
Let n(s) = s**2 + 10*s + 6. Let m be n(-8). Let k(f) = 2*f**2 + 20*f - 2. Let z be k(m). Let d be 6/(z*3/6). Let c(a) = a + 2. What is c(d)?
-4
Suppose -5*s - 30 = -0. Let j(z) be the second derivative of -z**5/20 - 7*z**4/12 - z**3 - z**2 + 6*z - 270. Give j(s).
-2
Let t(o) be the second derivative of o**3/6 + o**2/2 - 7*o + 22. What is t(-2)?
-1
Let p = 285 - 290. Let h(k) = k + 12. Give h(p).
7
Let t(i) be the second derivative of -i**3/3 + 9*i**2/2 - 26*i - 8. Suppose -7*u + 30 = -2*u. Give t(u).
-3
Let l(o) be the second derivative of o**3/6 + 15*o**2/2 + 2*o - 18. What is l(-9)?
6
Let n(l) be the third derivative of -l**5/60 - 5*l**4/12 - 11*l**3/3 + 351*l**2. Determine n(-7).
-1
Let x(q) = q**3 + 4*q**2 + 4*q + 2. Let d = 7 - 5. Suppose 23 = -3*t + d*j, 2 = 5*j + 12. Let s = t + 7. Calculate x(s).
2
Let q(h) = h - 3. Let j(c) be the first derivative of -3*c + 2*c**2 - 3*c - 6 - c**2 - 2. Let y(n) = -6*j(n) + 11*q(n). Determine y(7).
-4
Suppose 6*i - 1 = 5. Let z(t) be the second derivative of 7*t**4/12 + t**3/3 - t**2/2 - 6*t. What is z(i)?
8
Let a(b) = 4*b + 22 + 4*b**2 + 0*b - 5*b**2 - 26. Suppose y = 3*y - 10. Calculate a(y).
-9
Let i(x) = 14*x**3 + x**2 + x + 1. Let d be 3/6*(-5 + 5 - 2). Calculate i(d).
-13
Let k be (-1)/(3/21 + 14/(-49)). Let z(d) = k - 11 + 9 - d + 2. Determine z(5).
2
Let x(r) be the third derivative of -r**4/12 - 3*r**2 - 77*r. Calculate x(-2).
4
Let t(x) be the second derivative of -1/3*x**3 + 0 + 3*x - 1